{"id":1006,"date":"2022-10-20T13:53:45","date_gmt":"2022-10-20T11:53:45","guid":{"rendered":"http:\/\/khamenei.de\/wordpress\/?page_id=1006"},"modified":"2024-01-31T17:19:47","modified_gmt":"2024-01-31T16:19:47","slug":"horten-und-verschwendung","status":"publish","type":"page","link":"http:\/\/www.ahl-ul-bait.de\/imam-chamenei\/rechtsfragen\/horten-und-verschwendung\/","title":{"rendered":"Horten und Verschwendung"},"content":{"rendered":"<p align=\"JUSTIFY\"><span style=\"font-family: georgia, palatino; font-size: 14pt;\"><b>F. 392:<\/b> <i>Welches sind die Gegenst\u00e4nde, die zu horten religionsrechtlich verboten ist? Und erlauben Sie finanzielle Strafen gegen Hortende?<\/i><\/span><\/p>\n<p align=\"JUSTIFY\"><span style=\"font-family: georgia, palatino; font-size: 14pt;\">A: Das Verbot des Hortens gem\u00e4\u00df den \u00dcberlieferungen und dadurch bekannt bezieht sich allein auf vier Waren und Fette und \u00d6le, welche die verschieden Gesellschaftsschichten ben\u00f6tigen, aber der islamische Regierung obliegt es, das Horten des \u00fcbrigen Bedarfs zu untersagen, wenn es f\u00fcr das Allgemeinwohl der Menschen n\u00f6tig ist. Es besteht kein Hindernis daf\u00fcr, finanzielle Strafen gegen Hortende zu verh\u00e4ngen, wenn der Regierende es f\u00fcr gut h\u00e4lt.<\/span><\/p>\n<p align=\"JUSTIFY\"><span style=\"font-family: georgia, palatino; font-size: 14pt;\"><b>F. 393:<\/b> <i>Es wird behauptet, dass die Verwendung von elektrischer Energie zur Beleuchtung nicht als Verschwendung betrachtet wird, selbst wenn es mehr als der Bedarf ist. Ist diese Aussage richtig?<\/i><\/span><\/p>\n<p><span style=\"font-family: georgia, palatino; font-size: 14pt;\">A: Ohne Zweifel ist der Verbrauch und die Ausgabe eines jeglichen Gegenstands \u00fcber das Bedarfsma\u00df hinaus als Verschwendung zu werten, und es ist nicht gut, selbst (f\u00fcr) die (\u00fcberm\u00e4\u00dfige) elektrische Energie und das Licht der Gl\u00fchbirne. Und es gilt die Aussage vom Gesandten Allahs (s.): &#8222;Keine Verschwendung des Guten&#8220;.<\/span><\/p>\n","protected":false},"excerpt":{"rendered":"<p>F. 392: Welches sind die Gegenst\u00e4nde, die zu horten religionsrechtlich verboten ist? Und erlauben Sie finanzielle Strafen gegen Hortende? A:<\/p>\n","protected":false},"author":1,"featured_media":0,"parent":549,"menu_order":0,"comment_status":"closed","ping_status":"closed","template":"","meta":{"colormag_page_container_layout":"default_layout","colormag_page_sidebar_layout":"default_layout","footnotes":""},"class_list":["post-1006","page","type-page","status-publish","hentry"],"_links":{"self":[{"href":"http:\/\/www.ahl-ul-bait.de\/imam-chamenei\/wp-json\/wp\/v2\/pages\/1006","targetHints":{"allow":["GET"]}}],"collection":[{"href":"http:\/\/www.ahl-ul-bait.de\/imam-chamenei\/wp-json\/wp\/v2\/pages"}],"about":[{"href":"http:\/\/www.ahl-ul-bait.de\/imam-chamenei\/wp-json\/wp\/v2\/types\/page"}],"author":[{"embeddable":true,"href":"http:\/\/www.ahl-ul-bait.de\/imam-chamenei\/wp-json\/wp\/v2\/users\/1"}],"replies":[{"embeddable":true,"href":"http:\/\/www.ahl-ul-bait.de\/imam-chamenei\/wp-json\/wp\/v2\/comments?post=1006"}],"version-history":[{"count":1,"href":"http:\/\/www.ahl-ul-bait.de\/imam-chamenei\/wp-json\/wp\/v2\/pages\/1006\/revisions"}],"predecessor-version":[{"id":1008,"href":"http:\/\/www.ahl-ul-bait.de\/imam-chamenei\/wp-json\/wp\/v2\/pages\/1006\/revisions\/1008"}],"up":[{"embeddable":true,"href":"http:\/\/www.ahl-ul-bait.de\/imam-chamenei\/wp-json\/wp\/v2\/pages\/549"}],"wp:attachment":[{"href":"http:\/\/www.ahl-ul-bait.de\/imam-chamenei\/wp-json\/wp\/v2\/media?parent=1006"}],"curies":[{"name":"wp","href":"https:\/\/api.w.org\/{rel}","templated":true}]}}