{"id":1050,"date":"2022-10-20T14:16:26","date_gmt":"2022-10-20T12:16:26","guid":{"rendered":"http:\/\/khamenei.de\/wordpress\/?page_id=1050"},"modified":"2022-10-20T14:16:26","modified_gmt":"2022-10-20T12:16:26","slug":"versicherung","status":"publish","type":"page","link":"http:\/\/www.ahl-ul-bait.de\/imam-chamenei\/versicherung\/","title":{"rendered":"Versicherung"},"content":{"rendered":"<p align=\"JUSTIFY\"><span style=\"font-size: 14pt; font-family: georgia, palatino;\"><b>F. 882:<\/b> <i>Wie ist das Urteil zu Lebensversicherungen?<\/i><\/span><\/p>\n<p align=\"JUSTIFY\"><span style=\"font-size: 14pt; font-family: georgia, palatino;\">A: Es gibt religionsrechtlich kein Hindernis dazu.<\/span><\/p>\n<p align=\"JUSTIFY\"><span style=\"font-size: 14pt; font-family: georgia, palatino;\"><b>F. 883:<\/b> <i>Ist es erlaubt, die Krankenversicherungskarte desjenigen zu nutzen, der nicht zu der Familie des Kartenbesitzers geh\u00f6rt? Und ist es f\u00fcr den Besitzer der Karte erlaubt, diese Anderen zur Verf\u00fcgung zu stellen?<\/i><\/span><\/p>\n<p align=\"JUSTIFY\"><span style=\"font-size: 14pt; font-family: georgia, palatino;\">A: Es ist nicht erlaubt, die Krankenversicherungskarte zu nutzen, au\u00dfer durch denjenigen, dem das Versicherungsunternehmen zugesprochen hat, ihm Dienste anzubieten. Und deren Nutzung durch Andere verpflichtet zu Schadensersatz.<\/span><\/p>\n<p align=\"JUSTIFY\"><span style=\"font-size: 14pt; font-family: georgia, palatino;\"><b>F. 884:<\/b> <i>Ein Versicherungsunternehmen verspricht bei der Lebensversicherung innerhalb des Vertrags zwischen ihm und dem Versicherten, dass diese (Versicherung) bei seinem Ableben einen Geldbetrag an denjenigen zahlt, den die versicherte Person bestimmt hat. Falls er dann Schulden hat, f\u00fcr deren Begleichung seine Hinterlassenschaft nicht ausreicht, haben dann die Gl\u00e4ubiger das Recht, die Schulden an sie von dem bezahlten Betrag seitens der Versicherungsunternehmen zu nehmen?<\/i><\/span><\/p>\n<p><span style=\"font-size: 14pt; font-family: georgia, palatino;\">A: Dieses ist von der Weise ihrer Entscheidung im Versicherungsvertrag abh\u00e4ngig, so dass, falls innerhalb des Versicherungsvertrags entschieden wurde, dass der vorgeschriebene Betrag seitens des Versicherungsunternehmens an den Versicherten gegeben wird, wobei er als Besitzer gewertet wird, dann das Urteil dazu das Urteil zu seiner \u00fcbrigen Hinterlassenschaft ist. Aber falls die Entscheidung derart ist, dass das Unternehmen beim Ableben des Versicherten den vorgeschriebenen Betrag an eine spezielle Person oder (mehrere) Personen, die davor bestimmt worden sind, bezahlt, dann ist das, was das Unternehmen zahlt, nicht als Hinterlassenschaft des Verstorbenen zu beurteilen, sondern es ist Besitz desjenigen, der bestimmt wurde, den Betrag an ihn zu zahlen.<\/span><\/p>\n","protected":false},"excerpt":{"rendered":"<p>F. 882: Wie ist das Urteil zu Lebensversicherungen? A: Es gibt religionsrechtlich kein Hindernis dazu. F. 883: Ist es erlaubt,<\/p>\n","protected":false},"author":1,"featured_media":0,"parent":0,"menu_order":0,"comment_status":"closed","ping_status":"closed","template":"","meta":{"colormag_page_container_layout":"default_layout","colormag_page_sidebar_layout":"default_layout","footnotes":""},"class_list":["post-1050","page","type-page","status-publish","hentry"],"_links":{"self":[{"href":"http:\/\/www.ahl-ul-bait.de\/imam-chamenei\/wp-json\/wp\/v2\/pages\/1050","targetHints":{"allow":["GET"]}}],"collection":[{"href":"http:\/\/www.ahl-ul-bait.de\/imam-chamenei\/wp-json\/wp\/v2\/pages"}],"about":[{"href":"http:\/\/www.ahl-ul-bait.de\/imam-chamenei\/wp-json\/wp\/v2\/types\/page"}],"author":[{"embeddable":true,"href":"http:\/\/www.ahl-ul-bait.de\/imam-chamenei\/wp-json\/wp\/v2\/users\/1"}],"replies":[{"embeddable":true,"href":"http:\/\/www.ahl-ul-bait.de\/imam-chamenei\/wp-json\/wp\/v2\/comments?post=1050"}],"version-history":[{"count":1,"href":"http:\/\/www.ahl-ul-bait.de\/imam-chamenei\/wp-json\/wp\/v2\/pages\/1050\/revisions"}],"predecessor-version":[{"id":1052,"href":"http:\/\/www.ahl-ul-bait.de\/imam-chamenei\/wp-json\/wp\/v2\/pages\/1050\/revisions\/1052"}],"wp:attachment":[{"href":"http:\/\/www.ahl-ul-bait.de\/imam-chamenei\/wp-json\/wp\/v2\/media?parent=1050"}],"curies":[{"name":"wp","href":"https:\/\/api.w.org\/{rel}","templated":true}]}}