{"id":645,"date":"2022-06-15T09:07:40","date_gmt":"2022-06-15T07:07:40","guid":{"rendered":"http:\/\/khamenei.de\/wordpress\/?page_id=645"},"modified":"2022-06-15T11:36:50","modified_gmt":"2022-06-15T09:36:50","slug":"informationen","status":"publish","type":"page","link":"http:\/\/www.ahl-ul-bait.de\/imam-chamenei\/informationen\/","title":{"rendered":"Informationen"},"content":{"rendered":"\n<div class=\"wp-block-cover alignfull is-light has-parallax\" style=\"background-image:url(http:\/\/ahl-ul-bait.de\/imam-chamenei\/wp-content\/uploads\/2022\/06\/11884.jpg);min-height:100vh;aspect-ratio:unset;\"><span aria-hidden=\"true\" class=\"wp-block-cover__background has-background-dim-40 has-background-dim\" style=\"background-color:#000000\"><\/span><div class=\"wp-block-cover__inner-container is-layout-flow wp-block-cover-is-layout-flow\">\n<h2 class=\"alignwide has-white-color has-text-color wp-block-heading\" style=\"font-size:48px;line-height:1.2\"><strong><em>Imam Chamenei:<\/em><\/strong><br><\/h2>\n\n\n\n<div class=\"wp-block-columns alignwide is-layout-flex wp-container-core-columns-is-layout-28f84493 wp-block-columns-is-layout-flex\">\n<div class=\"wp-block-column is-layout-flow wp-block-column-is-layout-flow\" style=\"flex-basis:60%\">\n<p class=\"has-text-color\" style=\"color:#ffffff\"><em>Auf dieser Seite finden Sie Informationen \u00fcber Imam Chamenei. Sein Leben und sein Wirken in Kurzform erkl\u00e4rt. F\u00fcr eine ausf\u00fchrlichere Biografie sehen Sie bitte die Biografie unter den B\u00fcchern \u00fcber Imam Chamenei.<\/em><\/p>\n\n\n\n<div class=\"wp-block-buttons is-layout-flex wp-block-buttons-is-layout-flex\">\n<div class=\"wp-block-button is-style-outline is-style-outline--1\"><a class=\"wp-block-button__link has-text-color has-background\" href=\"http:\/\/ahl-ul-bait.de\/imam-chamenei\/kurzbiografie\/\" style=\"background-color:#000000;color:#ffffff\">Kurzbiografie<\/a><\/div>\n\n\n\n<div class=\"wp-block-button is-style-outline is-style-outline--2\"><a class=\"wp-block-button__link has-text-color has-background\" style=\"background-color:#000000;color:#ffffff\">\u00dcber ihn<\/a><\/div>\n<\/div>\n\n\n\n<div class=\"wp-block-buttons is-layout-flex wp-block-buttons-is-layout-flex\"><\/div>\n<\/div>\n\n\n\n<div class=\"wp-block-column is-layout-flow wp-block-column-is-layout-flow\"><\/div>\n<\/div>\n<\/div><\/div>\n","protected":false},"excerpt":{"rendered":"","protected":false},"author":1,"featured_media":0,"parent":0,"menu_order":0,"comment_status":"closed","ping_status":"closed","template":"","meta":{"colormag_page_container_layout":"default_layout","colormag_page_sidebar_layout":"default_layout","footnotes":""},"class_list":["post-645","page","type-page","status-publish","hentry"],"_links":{"self":[{"href":"http:\/\/www.ahl-ul-bait.de\/imam-chamenei\/wp-json\/wp\/v2\/pages\/645","targetHints":{"allow":["GET"]}}],"collection":[{"href":"http:\/\/www.ahl-ul-bait.de\/imam-chamenei\/wp-json\/wp\/v2\/pages"}],"about":[{"href":"http:\/\/www.ahl-ul-bait.de\/imam-chamenei\/wp-json\/wp\/v2\/types\/page"}],"author":[{"embeddable":true,"href":"http:\/\/www.ahl-ul-bait.de\/imam-chamenei\/wp-json\/wp\/v2\/users\/1"}],"replies":[{"embeddable":true,"href":"http:\/\/www.ahl-ul-bait.de\/imam-chamenei\/wp-json\/wp\/v2\/comments?post=645"}],"version-history":[{"count":15,"href":"http:\/\/www.ahl-ul-bait.de\/imam-chamenei\/wp-json\/wp\/v2\/pages\/645\/revisions"}],"predecessor-version":[{"id":749,"href":"http:\/\/www.ahl-ul-bait.de\/imam-chamenei\/wp-json\/wp\/v2\/pages\/645\/revisions\/749"}],"wp:attachment":[{"href":"http:\/\/www.ahl-ul-bait.de\/imam-chamenei\/wp-json\/wp\/v2\/media?parent=645"}],"curies":[{"name":"wp","href":"https:\/\/api.w.org\/{rel}","templated":true}]}}

<div class="wp-block-cover alignfull is-light has-parallax" style="background-image:url(http://ahl-ul-bait.de/imam-chamenei/wp-content/uploads/2022/06/11884.jpg);min-height:100vh;aspect-ratio:unset;"><span aria-hidden="true" class="wp-block-cover__background has-background-dim-40 has-background-dim" style="background-color:#000000"></span><div class="wp-block-cover__inner-container is-layout-flow wp-block-cover-is-layout-flow">
<h2 class="alignwide has-white-color has-text-color wp-block-heading" style="font-size:48px;line-height:1.2"><strong><em>Imam Chamenei:</em></strong><br></h2>



<div class="wp-block-columns alignwide is-layout-flex wp-container-core-columns-is-layout-28f84493 wp-block-columns-is-layout-flex">
<div class="wp-block-column is-layout-flow wp-block-column-is-layout-flow" style="flex-basis:60%">
<p class="has-text-color" style="color:#ffffff"><em>Auf dieser Seite finden Sie Informationen über Imam Chamenei. Sein Leben und sein Wirken in Kurzform erklärt. Für eine ausführlichere Biografie sehen Sie bitte die Biografie unter den Büchern über Imam Chamenei.</em></p>



<div class="wp-block-buttons is-layout-flex wp-block-buttons-is-layout-flex">
<div class="wp-block-button is-style-outline is-style-outline--1"><a class="wp-block-button__link has-text-color has-background" href="http://ahl-ul-bait.de/imam-chamenei/kurzbiografie/" style="background-color:#000000;color:#ffffff">Kurzbiografie</a></div>



<div class="wp-block-button is-style-outline is-style-outline--2"><a class="wp-block-button__link has-text-color has-background" style="background-color:#000000;color:#ffffff">Über ihn</a></div>
</div>



<div class="wp-block-buttons is-layout-flex wp-block-buttons-is-layout-flex"></div>
</div>



<div class="wp-block-column is-layout-flow wp-block-column-is-layout-flow"></div>
</div>
</div></div>
