{"id":935,"date":"2022-10-20T13:05:19","date_gmt":"2022-10-20T11:05:19","guid":{"rendered":"http:\/\/khamenei.de\/wordpress\/?page_id=935"},"modified":"2024-01-31T17:20:28","modified_gmt":"2024-01-31T16:20:28","slug":"klatschen","status":"publish","type":"page","link":"http:\/\/www.ahl-ul-bait.de\/imam-chamenei\/rechtsfragen\/klatschen\/","title":{"rendered":"Klatschen"},"content":{"rendered":"<p align=\"JUSTIFY\"><span style=\"font-family: georgia, palatino; font-size: 14pt;\"><b>F. 100:<\/b> <i>Ist das Klatschen der Frauen bei Freudenveranstaltungen von Frauen wie (z.B.) Geburtstagen und Hochzeiten erlaubt? Und angenommen es sei erlaubt, wie ist dann das Urteil, falls das Ger\u00e4usch des Klatschens die Veranstaltung \u00fcberragt, so dass dieses an das Geh\u00f6r fremder M\u00e4nner gelangt?<\/i><\/span><\/p>\n<p align=\"JUSTIFY\"><span style=\"font-family: georgia, palatino; font-size: 14pt;\">A: Das Klatschen auf die bekannte Weise ist unbedenklich, selbst wenn es ein Fremder h\u00f6rt, so lange daraus keine Verdorbenheit folgt.<\/span><\/p>\n<p align=\"JUSTIFY\"><span style=\"font-family: georgia, palatino; font-size: 14pt;\"><b>F. 101:<\/b> <i>Wie ist das Urteil zu dem Klatschen, das die Freude und die Lieder [na\u0161\u00a7 d] und den Ausruf der Segnungs-Bittgebete [s.alaw~ t] bei Feierveranstaltungen zum Anlass der Geburtstage der Reinen (Friede sei mit ihnen) und den Feiertagen zur Einheit (der Muslime) und (dem Feiertag) zur Berufung (des Propheten) begleitet? Und wie ist das Urteil, wenn solche Feierveranstaltungen in Gottesdienstorten wie Moscheen und Gebetsst\u00e4tten, in Beh\u00f6rden und Regierungsinstitutionen oder in einer Hussainiyyah stattfinden?<\/i><\/span><\/p>\n<p><span style=\"font-family: georgia, palatino; font-size: 14pt;\">A: Im Allgemeinen ist das Klatschen an sich auf die bekannte Weise bei Feierveranstaltungen von Feiertagen oder f\u00fcr die Ermutigung und Unterst\u00fctzung und \u00c4hnlichem zul\u00e4ssig. Aber es ist zu bevorzugen, dass die Atmosph\u00e4ren einer religi\u00f6sen Veranstaltung mit Segnungs-Bittgebet [s.alaw~ t] und Gottespreisung [takb\u00a7 r] bereichert wird, insbesondere bei den Zeremonien, die in den Moscheen und Hussainiyyahs und (anderen) Gebetsst\u00e4tten veranstaltet werden, damit man die Belohnung f\u00fcr Segnungs-Bittgebete und Gottespreisung erringt.<\/span><\/p>\n","protected":false},"excerpt":{"rendered":"<p>F. 100: Ist das Klatschen der Frauen bei Freudenveranstaltungen von Frauen wie (z.B.) Geburtstagen und Hochzeiten erlaubt? Und angenommen es<\/p>\n","protected":false},"author":1,"featured_media":0,"parent":549,"menu_order":0,"comment_status":"closed","ping_status":"closed","template":"","meta":{"colormag_page_container_layout":"default_layout","colormag_page_sidebar_layout":"default_layout","footnotes":""},"class_list":["post-935","page","type-page","status-publish","hentry"],"_links":{"self":[{"href":"http:\/\/www.ahl-ul-bait.de\/imam-chamenei\/wp-json\/wp\/v2\/pages\/935","targetHints":{"allow":["GET"]}}],"collection":[{"href":"http:\/\/www.ahl-ul-bait.de\/imam-chamenei\/wp-json\/wp\/v2\/pages"}],"about":[{"href":"http:\/\/www.ahl-ul-bait.de\/imam-chamenei\/wp-json\/wp\/v2\/types\/page"}],"author":[{"embeddable":true,"href":"http:\/\/www.ahl-ul-bait.de\/imam-chamenei\/wp-json\/wp\/v2\/users\/1"}],"replies":[{"embeddable":true,"href":"http:\/\/www.ahl-ul-bait.de\/imam-chamenei\/wp-json\/wp\/v2\/comments?post=935"}],"version-history":[{"count":1,"href":"http:\/\/www.ahl-ul-bait.de\/imam-chamenei\/wp-json\/wp\/v2\/pages\/935\/revisions"}],"predecessor-version":[{"id":937,"href":"http:\/\/www.ahl-ul-bait.de\/imam-chamenei\/wp-json\/wp\/v2\/pages\/935\/revisions\/937"}],"up":[{"embeddable":true,"href":"http:\/\/www.ahl-ul-bait.de\/imam-chamenei\/wp-json\/wp\/v2\/pages\/549"}],"wp:attachment":[{"href":"http:\/\/www.ahl-ul-bait.de\/imam-chamenei\/wp-json\/wp\/v2\/media?parent=935"}],"curies":[{"name":"wp","href":"https:\/\/api.w.org\/{rel}","templated":true}]}}