{"id":985,"date":"2022-10-20T13:47:28","date_gmt":"2022-10-20T11:47:28","guid":{"rendered":"http:\/\/khamenei.de\/wordpress\/?page_id=985"},"modified":"2024-01-31T17:21:52","modified_gmt":"2024-01-31T16:21:52","slug":"nachahmung-der-unglaeubigen-und-verbreitung-ihrer-kultur","status":"publish","type":"page","link":"http:\/\/www.ahl-ul-bait.de\/imam-chamenei\/rechtsfragen\/nachahmung-der-unglaeubigen-und-verbreitung-ihrer-kultur\/","title":{"rendered":"Nachahmung der Ungl\u00e4ubigen und Verbreitung ihrer Kultur"},"content":{"rendered":"<p align=\"JUSTIFY\"><span style=\"font-size: 14pt; font-family: georgia, palatino;\"><b>F. 294:<\/b> <i>Ist das Tragen von Kleidung, auf der fremde Buchstaben und Bilder abgedruckt sind, erlaubt, und ist diese Kleidung als Verbreitung der westlichen Kultur zu werten?<\/i><\/span><\/p>\n<p align=\"JUSTIFY\"><span style=\"font-size: 14pt; font-family: georgia, palatino;\">A: Es gibt an sich kein Hindernis dazu, sofern daraus keine gesellschaftlichen Verdorbenheiten folgen. Ob dies aber eine Verbreitung f\u00fcr die westliche, der islamischen Kultur gegnerischen Kultur ist, ist die Ansicht des Brauchs \u00fcberlassen<\/span><\/p>\n<p align=\"JUSTIFY\"><span style=\"font-size: 14pt; font-family: georgia, palatino;\"><b>F. 295:<\/b> <i>In letzter Zeit hat sich der Import von fremder Kleidung und der Verkauf, Kauf und die Verwendung innerhalb des Landes verbreitet. Wie ist das Urteil dazu unter Ber\u00fccksichtigung der Zunahme der westlichen kulturellen Angriffe auf die Islamische Revolution?<\/i><\/span><\/p>\n<p align=\"JUSTIFY\"><span style=\"font-size: 14pt; font-family: georgia, palatino;\">A: Es gibt kein Hindernis zum Import, Verkauf, Kauf und Verwendung von Kleidungen, allein weil diese von nicht-islamischen L\u00e4ndern importiert sind. Aber dasjenige darunter, dessen Tragen der islamischen Ehre und Moral widerspricht oder dessen Tragen als Verbreitung der westlichen feindlichen Kultur gewertet wird, ist nicht erlaubt zu importieren, zu verkaufen, zu kaufen oder zu tragen. Und es ist notwendig, sich \u00fcber die Angelegenheit diesbez\u00fcglich an die daf\u00fcr zust\u00e4ndigen Verantwortlichen zu wenden, damit sie dieses verbieten.<\/span><\/p>\n<p align=\"JUSTIFY\"><span style=\"font-size: 14pt; font-family: georgia, palatino;\"><b>F. 296:<\/b> <i>Wie ist das Urteil zur Nachahmung des Westens bei der Frisur?<\/i><\/span><\/p>\n<p align=\"JUSTIFY\"><span style=\"font-size: 14pt; font-family: georgia, palatino;\">A: Ma\u00dfgebend f\u00fcr das Verbot f\u00fcr dazu \u00c4hnlichem ist, was eine Nachahmung der Feinde der Muslime und Verbreitung ihrer Kultur ist. Und dies ist unterschiedlich bei unterschiedlichen L\u00e4ndern, Zeiten und Personen, und der Westen hat keine Besonderheit dabei.<\/span><\/p>\n<p align=\"JUSTIFY\"><span style=\"font-size: 14pt; font-family: georgia, palatino;\"><b>F. 297:<\/b> <i>Ist es f\u00fcr die Erzieher in der Schule erlaubt, die Haare der Sch\u00fcler zu rasieren, die ihre Kopfhaare auf westliche Weise stylen und schm\u00fccken, was sich von dem islamischen Benehmen unterscheidet und worin Nachahmung der Ungl\u00e4ubigen besteht, mit der Kenntnis, dass so oft wir diese (Sch\u00fcler) recht geleitet und beraten haben, es nicht gen\u00fctzt hat, (und) mit Ber\u00fccksichtigung, dass sie (zwar) das islamische \u00c4u\u00dferliche in der Schule beachten, aber sich ihr Aussehen \u00e4ndert, sobald sie (aus der Schule) herausgehen?<\/i><\/span><\/p>\n<p align=\"JUSTIFY\"><span style=\"font-size: 14pt; font-family: georgia, palatino;\">A: Das Rasieren der Haare der Studenten (und Sch\u00fcler) ist ihnen (selbst) \u00fcberlassen. Und wenn die Verantwortlichen der Schule ein Benehmen von Sch\u00fclern sehen, das sich nicht mit islamischem Benehmen und (islamischer) Kultur vereinbaren l\u00e4sst, dann sollen diese (Verantwortlichen) ihnen v\u00e4terlichen Rat und Rechtleitung anbieten und falls es notwendig ist, deren Vormund \u00fcber ihre Angelegenheit benachrichtigen, um ihre Hilfe bei dieser Angelegenheit zu ersuchen.<\/span><\/p>\n<p align=\"JUSTIFY\"><span style=\"font-size: 14pt; font-family: georgia, palatino;\"><b>F. 298:<\/b> <i>Wie ist das Urteil zum Tragen amerikanischer Kleidung?<\/i><\/span><\/p>\n<p align=\"JUSTIFY\"><span style=\"font-size: 14pt; font-family: georgia, palatino;\">A: Das Tragen von Kleidung, die in den Kolonialstaaten hergestellt ist, ist an sich zul\u00e4ssig (selbst) im Hinblick darauf, dass diese (Kleidung) von den Feinden des Islam hergestellt ist. Aber wenn das (Tragen der Kleidung) mit der Verbreitung der nicht-islamischen feindlichen Kultur verbunden ist oder damit eine St\u00e4rkung f\u00fcr ihre Wirtschaft erfolgt, die f\u00fcr die Kolonialisierung und Ausbeutung der islamischen L\u00e4nder verwendet wird oder zu dem geh\u00f6rt, was der Wirtschaft des Islamischen Staates Schaden zuf\u00fcgt, dann gibt es Bedenken dar\u00fcber, und es ist sogar in einigen F\u00e4llen nicht erlaubt.<\/span><\/p>\n<p align=\"JUSTIFY\"><span style=\"font-size: 14pt; font-family: georgia, palatino;\"><b>F. 299:<\/b> <i>Ist es f\u00fcr Frauen erlaubt, an den Zeremonien der Empf\u00e4nge und Begr\u00fc\u00dfungen teilzunehmen, welche die Ministerien, staatlichen Beh\u00f6rden und andere zur Begr\u00fc\u00dfung und \u00dcberreichung von Blumen an Delegationen veranstalten? Und gilt als Rechtfertigung zum Empfangen der fremden Delegationen durch Frauen und das \u00dcberreichen von Blumen an sie, ohne dass diese Delegationen (selbst) von (ihren) Frauen begleitet werden, dass wir den nicht-islamischen L\u00e4ndern die Freiheit und den Respekt gegen\u00fcber der Frau in der islamischen Gesellschaft aufzeigen wollen?<\/i><\/span><\/p>\n<p align=\"JUSTIFY\"><span style=\"font-size: 14pt; font-family: georgia, palatino;\">A: Es gibt keinen Anlass daf\u00fcr, Frauen einzuladen, um an den Zeremonien des Empfangs und der Begr\u00fc\u00dfung von fremden Delegationen teilzunehmen, und es ist (zudem) nicht erlaubt, falls es Verdorbenheit und die Verbreitung der gegen\u00fcber den Muslimen feindlichen nicht-islamischen Kultur bewirkt.<\/span><\/p>\n<p align=\"JUSTIFY\"><span style=\"font-size: 14pt; font-family: georgia, palatino;\"><b>F. 300:<\/b> <i>Wie ist das Urteil zum Tragen von Krawatte und Hut? Und mit Annahme der Nichterlaubnis, ist dieses Urteil auf die B\u00fcrger der Islamischen Republik (Iran) begrenzt, oder umfasst es andere Muslime, die in den \u00fcbrigen L\u00e4ndern wohnen?<\/i><\/span><\/p>\n<p align=\"JUSTIFY\"><span style=\"font-size: 14pt; font-family: georgia, palatino;\">A: Das Tragen einer Krawatte und \u00c4hnlichem, was zur Kleidung und Kost\u00fcm der Nichtmuslime geh\u00f6rt, so dass dieses (Tragen) zur Verbreitung der feindlichen westlichen Kultur f\u00fchrt, ist nicht erlaubt, und dieses Urteil ist nicht auf die B\u00fcrger des Islamischen Staates begrenzt.<\/span><\/p>\n<p align=\"JUSTIFY\"><span style=\"font-size: 14pt; font-family: georgia, palatino;\"><b>F. 301:<\/b> <i>Wie ist das Urteil zur Herstellung, Verkauf, Kauf und Tragen von durchsichtigen Frauenstr\u00fcmpfen?<\/i><\/span><\/p>\n<p align=\"JUSTIFY\"><span style=\"font-size: 14pt; font-family: georgia, palatino;\">A: Es besteht kein Hindernis dazu, durchsichtige Frauenstr\u00fcmpfe zu nutzen, sofern es von der Frau nicht vor dem fremden (Mann) getragen wird, es keine Verbreitung der feindlichen westlichen Kultur ist und anders als das islamische Benehmen ist.<\/span><\/p>\n<p align=\"JUSTIFY\"><span style=\"font-size: 14pt; font-family: georgia, palatino;\"><b>F. 302:<\/b> <i>Wie ist das Urteil zum Verkauf von Bildern, B\u00fcchern und Magazinen, die (zwar) offensichtlich keine h\u00e4sslichen und unanst\u00e4ndigen Dinge beinhalten aber schleichend versuchen, eine verdorbene kulturelle und nicht-islamische Atmosph\u00e4re zu schaffen, insbesondere unter der Jugend?<\/i><\/span><\/p>\n<p align=\"JUSTIFY\"><span style=\"font-size: 14pt; font-family: georgia, palatino;\">A: Der Kauf, Verkauf und Verbreitung von hierzu \u00c4hnlichem, welches zum Ziel hat, die Jugend abzulenken, zu verderben und eine kulturell verdorbene Atmosph\u00e4re zu verursachen, ist nicht erlaubt, und man ist verpflichtet, sich demgegen\u00fcber zu wehren und es zu unterlassen.<\/span><\/p>\n<p align=\"JUSTIFY\"><span style=\"font-size: 14pt; font-family: georgia, palatino;\"><b>F. 303:<\/b> <i>Was ist die Verpflichtung der Frau in unserer jetzigen Zeit, um die kulturelle Invasion auf unsere islamische Gesellschaft entgegenzutreten?<\/i><\/span><\/p>\n<p align=\"JUSTIFY\"><span style=\"font-size: 14pt; font-family: georgia, palatino;\">A: Ihre wichtigste Pflicht ist, die islamische Frauenbedeckung [h.i\u2122 ~ b] zu bewahren und sich zu wehren gegen\u00fcber der Kleidung, die als Nachahmung der feindlichen Kultur gewertet wird.<\/span><\/p>\n<p align=\"JUSTIFY\"><span style=\"font-size: 14pt; font-family: georgia, palatino;\"><b>F. 304:<\/b> <i>Im Hinblick auf die Feiertage der Christen gibt es einige Muslime, die diese feiern, so dass sie einen Weihnachtsbaum aufstellen, wie es die Christen tun. Gibt es dann dabei Bedenken?<\/i><\/span><\/p>\n<p align=\"JUSTIFY\"><span style=\"font-size: 14pt; font-family: georgia, palatino;\">A: Es ist zul\u00e4ssig, den Geburtstag von Jesus, dem Heiland \u2013 Friede sei mit unserem Propheten und seiner Familie und mit ihm \u2013 zu feiern.<\/span><\/p>\n<p align=\"JUSTIFY\"><span style=\"font-size: 14pt; font-family: georgia, palatino;\"><b>F. 305:<\/b> <i>Ist das Anziehen von Zeichen, die ein Zeichen von Wein auf der Kleidung darstellt, erlaubt?<\/i><\/span><\/p>\n<p align=\"JUSTIFY\"><span style=\"font-size: 14pt; font-family: georgia, palatino;\">A: Es ist nicht erlaubt.<\/span><\/p>\n","protected":false},"excerpt":{"rendered":"<p>F. 294: Ist das Tragen von Kleidung, auf der fremde Buchstaben und Bilder abgedruckt sind, erlaubt, und ist diese Kleidung<\/p>\n","protected":false},"author":1,"featured_media":0,"parent":549,"menu_order":0,"comment_status":"closed","ping_status":"closed","template":"","meta":{"colormag_page_container_layout":"default_layout","colormag_page_sidebar_layout":"default_layout","footnotes":""},"class_list":["post-985","page","type-page","status-publish","hentry"],"_links":{"self":[{"href":"http:\/\/www.ahl-ul-bait.de\/imam-chamenei\/wp-json\/wp\/v2\/pages\/985","targetHints":{"allow":["GET"]}}],"collection":[{"href":"http:\/\/www.ahl-ul-bait.de\/imam-chamenei\/wp-json\/wp\/v2\/pages"}],"about":[{"href":"http:\/\/www.ahl-ul-bait.de\/imam-chamenei\/wp-json\/wp\/v2\/types\/page"}],"author":[{"embeddable":true,"href":"http:\/\/www.ahl-ul-bait.de\/imam-chamenei\/wp-json\/wp\/v2\/users\/1"}],"replies":[{"embeddable":true,"href":"http:\/\/www.ahl-ul-bait.de\/imam-chamenei\/wp-json\/wp\/v2\/comments?post=985"}],"version-history":[{"count":1,"href":"http:\/\/www.ahl-ul-bait.de\/imam-chamenei\/wp-json\/wp\/v2\/pages\/985\/revisions"}],"predecessor-version":[{"id":987,"href":"http:\/\/www.ahl-ul-bait.de\/imam-chamenei\/wp-json\/wp\/v2\/pages\/985\/revisions\/987"}],"up":[{"embeddable":true,"href":"http:\/\/www.ahl-ul-bait.de\/imam-chamenei\/wp-json\/wp\/v2\/pages\/549"}],"wp:attachment":[{"href":"http:\/\/www.ahl-ul-bait.de\/imam-chamenei\/wp-json\/wp\/v2\/media?parent=985"}],"curies":[{"name":"wp","href":"https:\/\/api.w.org\/{rel}","templated":true}]}}

Nachahmung der Ungläubigen und Verbreitung ihrer Kultur

<p align="JUSTIFY"><span style="font-size: 14pt; font-family: georgia, palatino;"><b>F. 294:</b> <i>Ist das Tragen von Kleidung, auf der fremde Buchstaben und Bilder abgedruckt sind, erlaubt, und ist diese Kleidung als Verbreitung der westlichen Kultur zu werten?</i></span></p>
<p align="JUSTIFY"><span style="font-size: 14pt; font-family: georgia, palatino;">A: Es gibt an sich kein Hindernis dazu, sofern daraus keine gesellschaftlichen Verdorbenheiten folgen. Ob dies aber eine Verbreitung für die westliche, der islamischen Kultur gegnerischen Kultur ist, ist die Ansicht des Brauchs überlassen</span></p>
<p align="JUSTIFY"><span style="font-size: 14pt; font-family: georgia, palatino;"><b>F. 295:</b> <i>In letzter Zeit hat sich der Import von fremder Kleidung und der Verkauf, Kauf und die Verwendung innerhalb des Landes verbreitet. Wie ist das Urteil dazu unter Berücksichtigung der Zunahme der westlichen kulturellen Angriffe auf die Islamische Revolution?</i></span></p>
<p align="JUSTIFY"><span style="font-size: 14pt; font-family: georgia, palatino;">A: Es gibt kein Hindernis zum Import, Verkauf, Kauf und Verwendung von Kleidungen, allein weil diese von nicht-islamischen Ländern importiert sind. Aber dasjenige darunter, dessen Tragen der islamischen Ehre und Moral widerspricht oder dessen Tragen als Verbreitung der westlichen feindlichen Kultur gewertet wird, ist nicht erlaubt zu importieren, zu verkaufen, zu kaufen oder zu tragen. Und es ist notwendig, sich über die Angelegenheit diesbezüglich an die dafür zuständigen Verantwortlichen zu wenden, damit sie dieses verbieten.</span></p>
<p align="JUSTIFY"><span style="font-size: 14pt; font-family: georgia, palatino;"><b>F. 296:</b> <i>Wie ist das Urteil zur Nachahmung des Westens bei der Frisur?</i></span></p>
<p align="JUSTIFY"><span style="font-size: 14pt; font-family: georgia, palatino;">A: Maßgebend für das Verbot für dazu Ähnlichem ist, was eine Nachahmung der Feinde der Muslime und Verbreitung ihrer Kultur ist. Und dies ist unterschiedlich bei unterschiedlichen Ländern, Zeiten und Personen, und der Westen hat keine Besonderheit dabei.</span></p>
<p align="JUSTIFY"><span style="font-size: 14pt; font-family: georgia, palatino;"><b>F. 297:</b> <i>Ist es für die Erzieher in der Schule erlaubt, die Haare der Schüler zu rasieren, die ihre Kopfhaare auf westliche Weise stylen und schmücken, was sich von dem islamischen Benehmen unterscheidet und worin Nachahmung der Ungläubigen besteht, mit der Kenntnis, dass so oft wir diese (Schüler) recht geleitet und beraten haben, es nicht genützt hat, (und) mit Berücksichtigung, dass sie (zwar) das islamische Äußerliche in der Schule beachten, aber sich ihr Aussehen ändert, sobald sie (aus der Schule) herausgehen?</i></span></p>
<p align="JUSTIFY"><span style="font-size: 14pt; font-family: georgia, palatino;">A: Das Rasieren der Haare der Studenten (und Schüler) ist ihnen (selbst) überlassen. Und wenn die Verantwortlichen der Schule ein Benehmen von Schülern sehen, das sich nicht mit islamischem Benehmen und (islamischer) Kultur vereinbaren lässt, dann sollen diese (Verantwortlichen) ihnen väterlichen Rat und Rechtleitung anbieten und falls es notwendig ist, deren Vormund über ihre Angelegenheit benachrichtigen, um ihre Hilfe bei dieser Angelegenheit zu ersuchen.</span></p>
<p align="JUSTIFY"><span style="font-size: 14pt; font-family: georgia, palatino;"><b>F. 298:</b> <i>Wie ist das Urteil zum Tragen amerikanischer Kleidung?</i></span></p>
<p align="JUSTIFY"><span style="font-size: 14pt; font-family: georgia, palatino;">A: Das Tragen von Kleidung, die in den Kolonialstaaten hergestellt ist, ist an sich zulässig (selbst) im Hinblick darauf, dass diese (Kleidung) von den Feinden des Islam hergestellt ist. Aber wenn das (Tragen der Kleidung) mit der Verbreitung der nicht-islamischen feindlichen Kultur verbunden ist oder damit eine Stärkung für ihre Wirtschaft erfolgt, die für die Kolonialisierung und Ausbeutung der islamischen Länder verwendet wird oder zu dem gehört, was der Wirtschaft des Islamischen Staates Schaden zufügt, dann gibt es Bedenken darüber, und es ist sogar in einigen Fällen nicht erlaubt.</span></p>
<p align="JUSTIFY"><span style="font-size: 14pt; font-family: georgia, palatino;"><b>F. 299:</b> <i>Ist es für Frauen erlaubt, an den Zeremonien der Empfänge und Begrüßungen teilzunehmen, welche die Ministerien, staatlichen Behörden und andere zur Begrüßung und Überreichung von Blumen an Delegationen veranstalten? Und gilt als Rechtfertigung zum Empfangen der fremden Delegationen durch Frauen und das Überreichen von Blumen an sie, ohne dass diese Delegationen (selbst) von (ihren) Frauen begleitet werden, dass wir den nicht-islamischen Ländern die Freiheit und den Respekt gegenüber der Frau in der islamischen Gesellschaft aufzeigen wollen?</i></span></p>
<p align="JUSTIFY"><span style="font-size: 14pt; font-family: georgia, palatino;">A: Es gibt keinen Anlass dafür, Frauen einzuladen, um an den Zeremonien des Empfangs und der Begrüßung von fremden Delegationen teilzunehmen, und es ist (zudem) nicht erlaubt, falls es Verdorbenheit und die Verbreitung der gegenüber den Muslimen feindlichen nicht-islamischen Kultur bewirkt.</span></p>
<p align="JUSTIFY"><span style="font-size: 14pt; font-family: georgia, palatino;"><b>F. 300:</b> <i>Wie ist das Urteil zum Tragen von Krawatte und Hut? Und mit Annahme der Nichterlaubnis, ist dieses Urteil auf die Bürger der Islamischen Republik (Iran) begrenzt, oder umfasst es andere Muslime, die in den übrigen Ländern wohnen?</i></span></p>
<p align="JUSTIFY"><span style="font-size: 14pt; font-family: georgia, palatino;">A: Das Tragen einer Krawatte und Ähnlichem, was zur Kleidung und Kostüm der Nichtmuslime gehört, so dass dieses (Tragen) zur Verbreitung der feindlichen westlichen Kultur führt, ist nicht erlaubt, und dieses Urteil ist nicht auf die Bürger des Islamischen Staates begrenzt.</span></p>
<p align="JUSTIFY"><span style="font-size: 14pt; font-family: georgia, palatino;"><b>F. 301:</b> <i>Wie ist das Urteil zur Herstellung, Verkauf, Kauf und Tragen von durchsichtigen Frauenstrümpfen?</i></span></p>
<p align="JUSTIFY"><span style="font-size: 14pt; font-family: georgia, palatino;">A: Es besteht kein Hindernis dazu, durchsichtige Frauenstrümpfe zu nutzen, sofern es von der Frau nicht vor dem fremden (Mann) getragen wird, es keine Verbreitung der feindlichen westlichen Kultur ist und anders als das islamische Benehmen ist.</span></p>
<p align="JUSTIFY"><span style="font-size: 14pt; font-family: georgia, palatino;"><b>F. 302:</b> <i>Wie ist das Urteil zum Verkauf von Bildern, Büchern und Magazinen, die (zwar) offensichtlich keine hässlichen und unanständigen Dinge beinhalten aber schleichend versuchen, eine verdorbene kulturelle und nicht-islamische Atmosphäre zu schaffen, insbesondere unter der Jugend?</i></span></p>
<p align="JUSTIFY"><span style="font-size: 14pt; font-family: georgia, palatino;">A: Der Kauf, Verkauf und Verbreitung von hierzu Ähnlichem, welches zum Ziel hat, die Jugend abzulenken, zu verderben und eine kulturell verdorbene Atmosphäre zu verursachen, ist nicht erlaubt, und man ist verpflichtet, sich demgegenüber zu wehren und es zu unterlassen.</span></p>
<p align="JUSTIFY"><span style="font-size: 14pt; font-family: georgia, palatino;"><b>F. 303:</b> <i>Was ist die Verpflichtung der Frau in unserer jetzigen Zeit, um die kulturelle Invasion auf unsere islamische Gesellschaft entgegenzutreten?</i></span></p>
<p align="JUSTIFY"><span style="font-size: 14pt; font-family: georgia, palatino;">A: Ihre wichtigste Pflicht ist, die islamische Frauenbedeckung [h.i™ ~ b] zu bewahren und sich zu wehren gegenüber der Kleidung, die als Nachahmung der feindlichen Kultur gewertet wird.</span></p>
<p align="JUSTIFY"><span style="font-size: 14pt; font-family: georgia, palatino;"><b>F. 304:</b> <i>Im Hinblick auf die Feiertage der Christen gibt es einige Muslime, die diese feiern, so dass sie einen Weihnachtsbaum aufstellen, wie es die Christen tun. Gibt es dann dabei Bedenken?</i></span></p>
<p align="JUSTIFY"><span style="font-size: 14pt; font-family: georgia, palatino;">A: Es ist zulässig, den Geburtstag von Jesus, dem Heiland – Friede sei mit unserem Propheten und seiner Familie und mit ihm – zu feiern.</span></p>
<p align="JUSTIFY"><span style="font-size: 14pt; font-family: georgia, palatino;"><b>F. 305:</b> <i>Ist das Anziehen von Zeichen, die ein Zeichen von Wein auf der Kleidung darstellt, erlaubt?</i></span></p>
<p align="JUSTIFY"><span style="font-size: 14pt; font-family: georgia, palatino;">A: Es ist nicht erlaubt.</span></p>
