{"id":988,"date":"2022-10-20T13:48:17","date_gmt":"2022-10-20T11:48:17","guid":{"rendered":"http:\/\/khamenei.de\/wordpress\/?page_id=988"},"modified":"2024-01-31T17:16:40","modified_gmt":"2024-01-31T16:16:40","slug":"auswandern","status":"publish","type":"page","link":"http:\/\/www.ahl-ul-bait.de\/imam-chamenei\/rechtsfragen\/auswandern\/","title":{"rendered":"Auswandern"},"content":{"rendered":"<p align=\"JUSTIFY\"><span style=\"font-family: georgia, palatino; font-size: 14pt;\"><b>F. 306:<\/b> <i>Wie ist das Urteil zum Ersuchen um politisches Asyl in fremden L\u00e4ndern? Und ist das Erfinden einer Geschichte, die nicht wahr ist, um politisches Asyl zu erhalten, erlaubt?<\/i><\/span><\/p>\n<p align=\"JUSTIFY\"><span style=\"font-family: georgia, palatino; font-size: 14pt;\">A: Es besteht an sich kein Hindernis daf\u00fcr, bei einem nicht-muslimischen Staat Asyl zu ersuchen, sofern daraus keine Verdorbenheit erfolgt, aber das L\u00fcgen und das Erfinden von dem, was unwahr ist, als Mittel zu verwenden, um dieses (Asyl) zu erhalten, ist nicht erlaubt.<\/span><\/p>\n<p align=\"JUSTIFY\"><span style=\"font-family: georgia, palatino; font-size: 14pt;\"><b>F. 307:<\/b> <i>Ist es f\u00fcr einen Muslim erlaubt, in ein nicht-islamisches Land auszuwandern?<\/i><\/span><\/p>\n<p align=\"JUSTIFY\"><span style=\"font-family: georgia, palatino; font-size: 14pt;\">A: Es besteht kein Hindernis dazu, sofern man dabei nicht die Verabscheuung seiner Religion (f\u00fcr sich) bef\u00fcrchtet, und man ist verpflichtet, dort zus\u00e4tzlich zur Bewahrung seiner (eigenen) Religion und seiner Ideologie die Verteidigung des Islam und der Muslime durchzuf\u00fchren und alles, wof\u00fcr man verpflichtet ist an Verbreitung der Religion und der (religi\u00f6sen) Urteile und Anderem als diese, soweit er kann.<\/span><\/p>\n<p align=\"JUSTIFY\"><span style=\"font-family: georgia, palatino; font-size: 14pt;\"><b>F. 308:<\/b> <i>Sind diejenigen (Frauen), die im Gebiet des Unglaubens [d~ r-ul-kufr] Muslime geworden sind, verpflichtet, in das Gebiet des Islam [d~ r-ul-isl~ m] auszuwandern, da sie ihren Islam aus Furcht vor den Eltern und der Gesellschaft dort nicht (offen) darlegen k\u00f6nnen?<\/i><\/span><\/p>\n<p><span style=\"font-family: georgia, palatino; font-size: 14pt;\">A: Sie sind nicht zur Auswanderung in das Gebiet des Islam [d~ r-ul-isl~ m] verpflichtet, wenn diese (Auswanderung) f\u00fcr sie eine Drangsal w\u00e4re. Aber sie sind verpflichtet, ihr Gebet, Fasten und andere Verpflichtungen flei\u00dfig durchzuf\u00fchren, soweit sie es k\u00f6nnen.<\/span><\/p>\n","protected":false},"excerpt":{"rendered":"<p>F. 306: Wie ist das Urteil zum Ersuchen um politisches Asyl in fremden L\u00e4ndern? Und ist das Erfinden einer Geschichte,<\/p>\n","protected":false},"author":1,"featured_media":0,"parent":549,"menu_order":0,"comment_status":"closed","ping_status":"closed","template":"","meta":{"colormag_page_container_layout":"default_layout","colormag_page_sidebar_layout":"default_layout","footnotes":""},"class_list":["post-988","page","type-page","status-publish","hentry"],"_links":{"self":[{"href":"http:\/\/www.ahl-ul-bait.de\/imam-chamenei\/wp-json\/wp\/v2\/pages\/988","targetHints":{"allow":["GET"]}}],"collection":[{"href":"http:\/\/www.ahl-ul-bait.de\/imam-chamenei\/wp-json\/wp\/v2\/pages"}],"about":[{"href":"http:\/\/www.ahl-ul-bait.de\/imam-chamenei\/wp-json\/wp\/v2\/types\/page"}],"author":[{"embeddable":true,"href":"http:\/\/www.ahl-ul-bait.de\/imam-chamenei\/wp-json\/wp\/v2\/users\/1"}],"replies":[{"embeddable":true,"href":"http:\/\/www.ahl-ul-bait.de\/imam-chamenei\/wp-json\/wp\/v2\/comments?post=988"}],"version-history":[{"count":1,"href":"http:\/\/www.ahl-ul-bait.de\/imam-chamenei\/wp-json\/wp\/v2\/pages\/988\/revisions"}],"predecessor-version":[{"id":990,"href":"http:\/\/www.ahl-ul-bait.de\/imam-chamenei\/wp-json\/wp\/v2\/pages\/988\/revisions\/990"}],"up":[{"embeddable":true,"href":"http:\/\/www.ahl-ul-bait.de\/imam-chamenei\/wp-json\/wp\/v2\/pages\/549"}],"wp:attachment":[{"href":"http:\/\/www.ahl-ul-bait.de\/imam-chamenei\/wp-json\/wp\/v2\/media?parent=988"}],"curies":[{"name":"wp","href":"https:\/\/api.w.org\/{rel}","templated":true}]}}

<p align="JUSTIFY"><span style="font-family: georgia, palatino; font-size: 14pt;"><b>F. 306:</b> <i>Wie ist das Urteil zum Ersuchen um politisches Asyl in fremden Ländern? Und ist das Erfinden einer Geschichte, die nicht wahr ist, um politisches Asyl zu erhalten, erlaubt?</i></span></p>
<p align="JUSTIFY"><span style="font-family: georgia, palatino; font-size: 14pt;">A: Es besteht an sich kein Hindernis dafür, bei einem nicht-muslimischen Staat Asyl zu ersuchen, sofern daraus keine Verdorbenheit erfolgt, aber das Lügen und das Erfinden von dem, was unwahr ist, als Mittel zu verwenden, um dieses (Asyl) zu erhalten, ist nicht erlaubt.</span></p>
<p align="JUSTIFY"><span style="font-family: georgia, palatino; font-size: 14pt;"><b>F. 307:</b> <i>Ist es für einen Muslim erlaubt, in ein nicht-islamisches Land auszuwandern?</i></span></p>
<p align="JUSTIFY"><span style="font-family: georgia, palatino; font-size: 14pt;">A: Es besteht kein Hindernis dazu, sofern man dabei nicht die Verabscheuung seiner Religion (für sich) befürchtet, und man ist verpflichtet, dort zusätzlich zur Bewahrung seiner (eigenen) Religion und seiner Ideologie die Verteidigung des Islam und der Muslime durchzuführen und alles, wofür man verpflichtet ist an Verbreitung der Religion und der (religiösen) Urteile und Anderem als diese, soweit er kann.</span></p>
<p align="JUSTIFY"><span style="font-family: georgia, palatino; font-size: 14pt;"><b>F. 308:</b> <i>Sind diejenigen (Frauen), die im Gebiet des Unglaubens [d~ r-ul-kufr] Muslime geworden sind, verpflichtet, in das Gebiet des Islam [d~ r-ul-isl~ m] auszuwandern, da sie ihren Islam aus Furcht vor den Eltern und der Gesellschaft dort nicht (offen) darlegen können?</i></span></p>
<p><span style="font-family: georgia, palatino; font-size: 14pt;">A: Sie sind nicht zur Auswanderung in das Gebiet des Islam [d~ r-ul-isl~ m] verpflichtet, wenn diese (Auswanderung) für sie eine Drangsal wäre. Aber sie sind verpflichtet, ihr Gebet, Fasten und andere Verpflichtungen fleißig durchzuführen, soweit sie es können.</span></p>

<p>F. 306: Wie ist das Urteil zum Ersuchen um politisches Asyl in fremden Ländern? Und ist das Erfinden einer Geschichte,</p>
